{"id":1309,"date":"2019-10-01T17:46:54","date_gmt":"2019-10-01T15:46:54","guid":{"rendered":"https:\/\/www.mairie-soisybouy.fr\/?page_id=1309"},"modified":"2021-12-16T11:47:45","modified_gmt":"2021-12-16T10:47:45","slug":"disposition-ppi","status":"publish","type":"page","link":"https:\/\/www.mairie-soisybouy.fr\/index.php\/disposition-ppi\/","title":{"rendered":"Disposition Plan Particulier d&rsquo;Intervention (PPI)"},"content":{"rendered":"<p style=\"text-align: center;\"><span style=\"font-size: 14pt;\">En tant que nouvel administr\u00e9 de Soisy-Bouy vous devez obligatoirement vous fournir dans les plus brefs d\u00e9lais de comprim\u00e9 d&rsquo;iode, disponible en pharmacie munis d&rsquo;un justificatif de domicile ainsi que votre carte d&rsquo;identit\u00e9.\u00a0<\/span><\/p>\n<p style=\"text-align: center;\"><a href=\"https:\/\/www.mairie-soisybouy.fr\/wp-content\/uploads\/2021\/12\/20211030_VERSION-FINALE_plaquette-PPI_CNPE.pdf\">plaquette PPI_CNPE<\/a><\/p>\n<p><img loading=\"lazy\" decoding=\"async\" class=\"wp-image-1346 aligncenter\" src=\"https:\/\/www.mairie-soisybouy.fr\/wp-content\/uploads\/2019\/10\/Capture55-290x300.png\" alt=\"\" width=\"706\" height=\"731\" srcset=\"https:\/\/www.mairie-soisybouy.fr\/wp-content\/uploads\/2019\/10\/Capture55-290x300.png 290w, https:\/\/www.mairie-soisybouy.fr\/wp-content\/uploads\/2019\/10\/Capture55.png 543w\" sizes=\"auto, (max-width: 706px) 100vw, 706px\" \/><\/p>\n<p><img loading=\"lazy\" decoding=\"async\" class=\"aligncenter wp-image-1348\" src=\"https:\/\/www.mairie-soisybouy.fr\/wp-content\/uploads\/2019\/10\/Capture52-300x275.png\" alt=\"\" width=\"752\" height=\"689\" srcset=\"https:\/\/www.mairie-soisybouy.fr\/wp-content\/uploads\/2019\/10\/Capture52-300x275.png 300w, https:\/\/www.mairie-soisybouy.fr\/wp-content\/uploads\/2019\/10\/Capture52.png 586w\" sizes=\"auto, (max-width: 752px) 100vw, 752px\" \/><\/p>\n<p>La circulaire du ministre de l\u2019int\u00e9rieur n\u00b0NOR-INT1627472J du 3 octobre 2016 est venue modifier la doctrine fran\u00e7aise en confirmant l\u2019extension des zones du <strong>Plan Particulier d\u2019Intervention (PPI)<\/strong> autour des centrales nucl\u00e9aire, passant d\u2019un rayon de 10 km \u00e0 un rayon de 20 km autour des CNPE.<\/p>\n<p>Suite \u00e0 ce changement, la Commune de Soisy-Bouy est d\u00e9sormais pass\u00e9e dans le zonage PPI.<\/p>\n<p>Vous avez d\u00fb recevoir un courrier de pr\u00e9distribution de comprim\u00e9s d\u2019iode stable et d\u2019une information compl\u00e8te sur les mesures de protection adapt\u00e9es en cas d\u2019incident technologique.<\/p>\n<p>La Commune est soumise \u00e0 l\u2019\u00e9laboration d\u2019un Plan Communal de Sauvegarde (PCS) et d\u2019un document d\u2019information communal sur les risques majeurs (DICRIM) dans un d\u00e9lai de deux ans \u00e0 compter de la date d\u2019approbation du PPI.<\/p>\n<div style=\"width: 1280px;\" class=\"wp-video\"><video class=\"wp-video-shortcode\" id=\"video-1309-1\" width=\"1280\" height=\"720\" preload=\"metadata\" controls=\"controls\"><source type=\"video\/mp4\" src=\"https:\/\/www.mairie-soisybouy.fr\/wp-content\/uploads\/2019\/10\/Les-6-r\u00e9flexes-pour-bien-r\u00e9agir-en-cas-dalerte-nucl\u00e9aire.mp4?_=1\" \/><a href=\"https:\/\/www.mairie-soisybouy.fr\/wp-content\/uploads\/2019\/10\/Les-6-r\u00e9flexes-pour-bien-r\u00e9agir-en-cas-dalerte-nucl\u00e9aire.mp4\">https:\/\/www.mairie-soisybouy.fr\/wp-content\/uploads\/2019\/10\/Les-6-r\u00e9flexes-pour-bien-r\u00e9agir-en-cas-dalerte-nucl\u00e9aire.mp4<\/a><\/video><\/div>\n<p><img loading=\"lazy\" decoding=\"async\" class=\"wp-image-1306 aligncenter\" src=\"https:\/\/www.mairie-soisybouy.fr\/wp-content\/uploads\/2019\/09\/a-rattacher-au-texte-REVISION-DU-PLAN-PARTICULIER-DINTERVENTION-300x170.png\" alt=\"\" width=\"1116\" height=\"632\" srcset=\"https:\/\/www.mairie-soisybouy.fr\/wp-content\/uploads\/2019\/09\/a-rattacher-au-texte-REVISION-DU-PLAN-PARTICULIER-DINTERVENTION-300x170.png 300w, https:\/\/www.mairie-soisybouy.fr\/wp-content\/uploads\/2019\/09\/a-rattacher-au-texte-REVISION-DU-PLAN-PARTICULIER-DINTERVENTION-768x435.png 768w, https:\/\/www.mairie-soisybouy.fr\/wp-content\/uploads\/2019\/09\/a-rattacher-au-texte-REVISION-DU-PLAN-PARTICULIER-DINTERVENTION-1024x579.png 1024w, https:\/\/www.mairie-soisybouy.fr\/wp-content\/uploads\/2019\/09\/a-rattacher-au-texte-REVISION-DU-PLAN-PARTICULIER-DINTERVENTION.png 1191w\" sizes=\"auto, (max-width: 1116px) 100vw, 1116px\" \/><\/p>\n","protected":false},"excerpt":{"rendered":"<p>En tant que nouvel administr\u00e9 de Soisy-Bouy vous devez obligatoirement vous fournir dans les plus brefs d\u00e9lais de comprim\u00e9 d&rsquo;iode, disponible en pharmacie munis d&rsquo;un justificatif de domicile ainsi que votre carte d&rsquo;identit\u00e9.\u00a0 plaquette PPI_CNPE La circulaire du ministre de l\u2019int\u00e9rieur n\u00b0NOR-INT1627472J du 3 octobre 2016 est venue modifier la doctrine fran\u00e7aise en confirmant l\u2019extension [&hellip;]<\/p>\n","protected":false},"author":2,"featured_media":0,"parent":0,"menu_order":0,"comment_status":"closed","ping_status":"closed","template":"","meta":{"footnotes":""},"class_list":["post-1309","page","type-page","status-publish","hentry"],"yoast_head":"<!-- This site is optimized with the Yoast SEO plugin v27.3 - https:\/\/yoast.com\/product\/yoast-seo-wordpress\/ -->\n<title>Disposition Plan Particulier d&#039;Intervention (PPI) &#8226; Mairie de Soisy-Bouy<\/title>\n<meta name=\"description\" content=\"Site internet officiel de la mairie de Soisy-Bouy.\" \/>\n<meta name=\"robots\" content=\"index, follow, max-snippet:-1, max-image-preview:large, max-video-preview:-1\" \/>\n<link rel=\"canonical\" href=\"https:\/\/www.mairie-soisybouy.fr\/index.php\/disposition-ppi\/\" \/>\n<meta property=\"og:locale\" content=\"fr_FR\" \/>\n<meta property=\"og:type\" content=\"article\" \/>\n<meta property=\"og:title\" content=\"Disposition Plan Particulier d&#039;Intervention (PPI) &#8226; Mairie de Soisy-Bouy\" \/>\n<meta property=\"og:description\" content=\"Site internet officiel de la mairie de Soisy-Bouy.\" \/>\n<meta property=\"og:url\" content=\"https:\/\/www.mairie-soisybouy.fr\/index.php\/disposition-ppi\/\" \/>\n<meta property=\"og:site_name\" content=\"Mairie de Soisy-Bouy\" \/>\n<meta property=\"article:modified_time\" content=\"2021-12-16T10:47:45+00:00\" \/>\n<meta property=\"og:image\" content=\"https:\/\/www.mairie-soisybouy.fr\/wp-content\/uploads\/2019\/10\/Capture55-290x300.png\" \/>\n<meta name=\"twitter:card\" content=\"summary_large_image\" \/>\n<meta name=\"twitter:label1\" content=\"Dur\u00e9e de lecture estim\u00e9e\" \/>\n\t<meta name=\"twitter:data1\" content=\"2 minutes\" \/>\n<script type=\"application\/ld+json\" class=\"yoast-schema-graph\">{\"@context\":\"https:\\\/\\\/schema.org\",\"@graph\":[{\"@type\":\"WebPage\",\"@id\":\"https:\\\/\\\/www.mairie-soisybouy.fr\\\/index.php\\\/disposition-ppi\\\/\",\"url\":\"https:\\\/\\\/www.mairie-soisybouy.fr\\\/index.php\\\/disposition-ppi\\\/\",\"name\":\"Disposition Plan Particulier d'Intervention (PPI) &#8226; Mairie de Soisy-Bouy\",\"isPartOf\":{\"@id\":\"https:\\\/\\\/www.mairie-soisybouy.fr\\\/#website\"},\"primaryImageOfPage\":{\"@id\":\"https:\\\/\\\/www.mairie-soisybouy.fr\\\/index.php\\\/disposition-ppi\\\/#primaryimage\"},\"image\":{\"@id\":\"https:\\\/\\\/www.mairie-soisybouy.fr\\\/index.php\\\/disposition-ppi\\\/#primaryimage\"},\"thumbnailUrl\":\"https:\\\/\\\/www.mairie-soisybouy.fr\\\/wp-content\\\/uploads\\\/2019\\\/10\\\/Capture55-290x300.png\",\"datePublished\":\"2019-10-01T15:46:54+00:00\",\"dateModified\":\"2021-12-16T10:47:45+00:00\",\"description\":\"Site internet officiel de la mairie de Soisy-Bouy.\",\"breadcrumb\":{\"@id\":\"https:\\\/\\\/www.mairie-soisybouy.fr\\\/index.php\\\/disposition-ppi\\\/#breadcrumb\"},\"inLanguage\":\"fr-FR\",\"potentialAction\":[{\"@type\":\"ReadAction\",\"target\":[\"https:\\\/\\\/www.mairie-soisybouy.fr\\\/index.php\\\/disposition-ppi\\\/\"]}]},{\"@type\":\"ImageObject\",\"inLanguage\":\"fr-FR\",\"@id\":\"https:\\\/\\\/www.mairie-soisybouy.fr\\\/index.php\\\/disposition-ppi\\\/#primaryimage\",\"url\":\"https:\\\/\\\/www.mairie-soisybouy.fr\\\/wp-content\\\/uploads\\\/2019\\\/10\\\/Capture55.png\",\"contentUrl\":\"https:\\\/\\\/www.mairie-soisybouy.fr\\\/wp-content\\\/uploads\\\/2019\\\/10\\\/Capture55.png\",\"width\":543,\"height\":561},{\"@type\":\"BreadcrumbList\",\"@id\":\"https:\\\/\\\/www.mairie-soisybouy.fr\\\/index.php\\\/disposition-ppi\\\/#breadcrumb\",\"itemListElement\":[{\"@type\":\"ListItem\",\"position\":1,\"name\":\"Accueil\",\"item\":\"https:\\\/\\\/www.mairie-soisybouy.fr\\\/\"},{\"@type\":\"ListItem\",\"position\":2,\"name\":\"Disposition Plan Particulier d&rsquo;Intervention (PPI)\"}]},{\"@type\":\"WebSite\",\"@id\":\"https:\\\/\\\/www.mairie-soisybouy.fr\\\/#website\",\"url\":\"https:\\\/\\\/www.mairie-soisybouy.fr\\\/\",\"name\":\"Mairie de Soisy-Bouy\",\"description\":\"\",\"publisher\":{\"@id\":\"https:\\\/\\\/www.mairie-soisybouy.fr\\\/#organization\"},\"potentialAction\":[{\"@type\":\"SearchAction\",\"target\":{\"@type\":\"EntryPoint\",\"urlTemplate\":\"https:\\\/\\\/www.mairie-soisybouy.fr\\\/?s={search_term_string}\"},\"query-input\":{\"@type\":\"PropertyValueSpecification\",\"valueRequired\":true,\"valueName\":\"search_term_string\"}}],\"inLanguage\":\"fr-FR\"},{\"@type\":\"Organization\",\"@id\":\"https:\\\/\\\/www.mairie-soisybouy.fr\\\/#organization\",\"name\":\"Mairie de Soisy-Bouy\",\"url\":\"https:\\\/\\\/www.mairie-soisybouy.fr\\\/\",\"logo\":{\"@type\":\"ImageObject\",\"inLanguage\":\"fr-FR\",\"@id\":\"https:\\\/\\\/www.mairie-soisybouy.fr\\\/#\\\/schema\\\/logo\\\/image\\\/\",\"url\":\"https:\\\/\\\/www.mairie-soisybouy.fr\\\/wp-content\\\/uploads\\\/2019\\\/05\\\/logomodif.png\",\"contentUrl\":\"https:\\\/\\\/www.mairie-soisybouy.fr\\\/wp-content\\\/uploads\\\/2019\\\/05\\\/logomodif.png\",\"width\":347,\"height\":392,\"caption\":\"Mairie de Soisy-Bouy\"},\"image\":{\"@id\":\"https:\\\/\\\/www.mairie-soisybouy.fr\\\/#\\\/schema\\\/logo\\\/image\\\/\"}}]}<\/script>\n<!-- \/ Yoast SEO plugin. -->","yoast_head_json":{"title":"Disposition Plan Particulier d'Intervention (PPI) &#8226; Mairie de Soisy-Bouy","description":"Site internet officiel de la mairie de Soisy-Bouy.","robots":{"index":"index","follow":"follow","max-snippet":"max-snippet:-1","max-image-preview":"max-image-preview:large","max-video-preview":"max-video-preview:-1"},"canonical":"https:\/\/www.mairie-soisybouy.fr\/index.php\/disposition-ppi\/","og_locale":"fr_FR","og_type":"article","og_title":"Disposition Plan Particulier d'Intervention (PPI) &#8226; Mairie de Soisy-Bouy","og_description":"Site internet officiel de la mairie de Soisy-Bouy.","og_url":"https:\/\/www.mairie-soisybouy.fr\/index.php\/disposition-ppi\/","og_site_name":"Mairie de Soisy-Bouy","article_modified_time":"2021-12-16T10:47:45+00:00","og_image":[{"url":"https:\/\/www.mairie-soisybouy.fr\/wp-content\/uploads\/2019\/10\/Capture55-290x300.png","type":"","width":"","height":""}],"twitter_card":"summary_large_image","twitter_misc":{"Dur\u00e9e de lecture estim\u00e9e":"2 minutes"},"schema":{"@context":"https:\/\/schema.org","@graph":[{"@type":"WebPage","@id":"https:\/\/www.mairie-soisybouy.fr\/index.php\/disposition-ppi\/","url":"https:\/\/www.mairie-soisybouy.fr\/index.php\/disposition-ppi\/","name":"Disposition Plan Particulier d'Intervention (PPI) &#8226; Mairie de Soisy-Bouy","isPartOf":{"@id":"https:\/\/www.mairie-soisybouy.fr\/#website"},"primaryImageOfPage":{"@id":"https:\/\/www.mairie-soisybouy.fr\/index.php\/disposition-ppi\/#primaryimage"},"image":{"@id":"https:\/\/www.mairie-soisybouy.fr\/index.php\/disposition-ppi\/#primaryimage"},"thumbnailUrl":"https:\/\/www.mairie-soisybouy.fr\/wp-content\/uploads\/2019\/10\/Capture55-290x300.png","datePublished":"2019-10-01T15:46:54+00:00","dateModified":"2021-12-16T10:47:45+00:00","description":"Site internet officiel de la mairie de Soisy-Bouy.","breadcrumb":{"@id":"https:\/\/www.mairie-soisybouy.fr\/index.php\/disposition-ppi\/#breadcrumb"},"inLanguage":"fr-FR","potentialAction":[{"@type":"ReadAction","target":["https:\/\/www.mairie-soisybouy.fr\/index.php\/disposition-ppi\/"]}]},{"@type":"ImageObject","inLanguage":"fr-FR","@id":"https:\/\/www.mairie-soisybouy.fr\/index.php\/disposition-ppi\/#primaryimage","url":"https:\/\/www.mairie-soisybouy.fr\/wp-content\/uploads\/2019\/10\/Capture55.png","contentUrl":"https:\/\/www.mairie-soisybouy.fr\/wp-content\/uploads\/2019\/10\/Capture55.png","width":543,"height":561},{"@type":"BreadcrumbList","@id":"https:\/\/www.mairie-soisybouy.fr\/index.php\/disposition-ppi\/#breadcrumb","itemListElement":[{"@type":"ListItem","position":1,"name":"Accueil","item":"https:\/\/www.mairie-soisybouy.fr\/"},{"@type":"ListItem","position":2,"name":"Disposition Plan Particulier d&rsquo;Intervention (PPI)"}]},{"@type":"WebSite","@id":"https:\/\/www.mairie-soisybouy.fr\/#website","url":"https:\/\/www.mairie-soisybouy.fr\/","name":"Mairie de Soisy-Bouy","description":"","publisher":{"@id":"https:\/\/www.mairie-soisybouy.fr\/#organization"},"potentialAction":[{"@type":"SearchAction","target":{"@type":"EntryPoint","urlTemplate":"https:\/\/www.mairie-soisybouy.fr\/?s={search_term_string}"},"query-input":{"@type":"PropertyValueSpecification","valueRequired":true,"valueName":"search_term_string"}}],"inLanguage":"fr-FR"},{"@type":"Organization","@id":"https:\/\/www.mairie-soisybouy.fr\/#organization","name":"Mairie de Soisy-Bouy","url":"https:\/\/www.mairie-soisybouy.fr\/","logo":{"@type":"ImageObject","inLanguage":"fr-FR","@id":"https:\/\/www.mairie-soisybouy.fr\/#\/schema\/logo\/image\/","url":"https:\/\/www.mairie-soisybouy.fr\/wp-content\/uploads\/2019\/05\/logomodif.png","contentUrl":"https:\/\/www.mairie-soisybouy.fr\/wp-content\/uploads\/2019\/05\/logomodif.png","width":347,"height":392,"caption":"Mairie de Soisy-Bouy"},"image":{"@id":"https:\/\/www.mairie-soisybouy.fr\/#\/schema\/logo\/image\/"}}]}},"_links":{"self":[{"href":"https:\/\/www.mairie-soisybouy.fr\/index.php\/wp-json\/wp\/v2\/pages\/1309","targetHints":{"allow":["GET"]}}],"collection":[{"href":"https:\/\/www.mairie-soisybouy.fr\/index.php\/wp-json\/wp\/v2\/pages"}],"about":[{"href":"https:\/\/www.mairie-soisybouy.fr\/index.php\/wp-json\/wp\/v2\/types\/page"}],"author":[{"embeddable":true,"href":"https:\/\/www.mairie-soisybouy.fr\/index.php\/wp-json\/wp\/v2\/users\/2"}],"replies":[{"embeddable":true,"href":"https:\/\/www.mairie-soisybouy.fr\/index.php\/wp-json\/wp\/v2\/comments?post=1309"}],"version-history":[{"count":23,"href":"https:\/\/www.mairie-soisybouy.fr\/index.php\/wp-json\/wp\/v2\/pages\/1309\/revisions"}],"predecessor-version":[{"id":1900,"href":"https:\/\/www.mairie-soisybouy.fr\/index.php\/wp-json\/wp\/v2\/pages\/1309\/revisions\/1900"}],"wp:attachment":[{"href":"https:\/\/www.mairie-soisybouy.fr\/index.php\/wp-json\/wp\/v2\/media?parent=1309"}],"curies":[{"name":"wp","href":"https:\/\/api.w.org\/{rel}","templated":true}]}}