{"id":2,"date":"2019-05-24T16:05:27","date_gmt":"2019-05-24T14:05:27","guid":{"rendered":"http:\/\/mairie-soisybouy.fr\/?page_id=2"},"modified":"2021-03-01T10:44:49","modified_gmt":"2021-03-01T09:44:49","slug":"mot-du-maire","status":"publish","type":"page","link":"https:\/\/www.mairie-soisybouy.fr\/index.php\/mot-du-maire\/","title":{"rendered":"Mot du Maire"},"content":{"rendered":"<blockquote><p><img loading=\"lazy\" decoding=\"async\" class=\"alignnone wp-image-673 alignleft\" src=\"http:\/\/www.mairie-soisybouy.fr\/wp-content\/uploads\/2019\/06\/maire-298x300.png\" alt=\"\" width=\"166\" height=\"167\" srcset=\"https:\/\/www.mairie-soisybouy.fr\/wp-content\/uploads\/2019\/06\/maire-298x300.png 298w, https:\/\/www.mairie-soisybouy.fr\/wp-content\/uploads\/2019\/06\/maire-150x150.png 150w, https:\/\/www.mairie-soisybouy.fr\/wp-content\/uploads\/2019\/06\/maire.png 329w\" sizes=\"auto, (max-width: 166px) 100vw, 166px\" \/><\/p>\n<p>L\u2019ann\u00e9e 2020 restera dans nos m\u00e9moires comme celle des \u00e9preuves et des d\u00e9fis.<\/p>\n<p>Un virus que personne ne prenait tr\u00e8s au s\u00e9rieux est venu bouleverser nos vies : personnelles, professionnelles, scolaires et associatives.<\/p>\n<p>C\u2019est dans de tels moments que nous prenons conscience de la fragilit\u00e9 de l\u2019existence et aussi du n\u00e9cessaire lien que nous devons entretenir avec chacun de nos proches, famille, amis et voisins.<\/p>\n<p>L\u2019\u00e9pid\u00e9mie a boulevers\u00e9 nos projets et nous attendons avec impatience des jours meilleurs, qui arriveront d\u2019autant plus rapidement que nous serons respectueux des mesures sanitaires.<\/p>\n<p>Je remercie le nouveau conseil municipal qui, malgr\u00e9 le retard de sa mise en place s\u2019est efforc\u00e9 de r\u00e9pondre aux attentes de la population lors du 1er puis du 2\u00e8me confinement.<\/p>\n<p>Les projets de cette mandature ne manquent pas et anim\u00e9 du seul int\u00e9r\u00eat g\u00e9n\u00e9ral, chacun des conseillers saura \u0153uvrer pour la mise en place du programme fix\u00e9 lors de la campagne.<\/p>\n<p>Je vous souhaite une meilleure ann\u00e9e que celle \u00e9coul\u00e9e et surtout restez prudents, c\u2019est un combat collectif que nous devons mener pour ma\u00eetriser cette \u00e9pid\u00e9mie, notre sant\u00e9 prime avant tout : la sant\u00e9 est forte de son maillon le plus faible\u2026 alors jouons collectif !<\/p>\n<p>Bien \u00e0 vous.<\/p><\/blockquote>\n","protected":false},"excerpt":{"rendered":"<p>L\u2019ann\u00e9e 2020 restera dans nos m\u00e9moires comme celle des \u00e9preuves et des d\u00e9fis. Un virus que personne ne prenait tr\u00e8s au s\u00e9rieux est venu bouleverser nos vies : personnelles, professionnelles, scolaires et associatives. C\u2019est dans de tels moments que nous prenons conscience de la fragilit\u00e9 de l\u2019existence et aussi du n\u00e9cessaire lien que nous devons [&hellip;]<\/p>\n","protected":false},"author":1,"featured_media":408,"parent":0,"menu_order":0,"comment_status":"closed","ping_status":"closed","template":"","meta":{"footnotes":""},"class_list":["post-2","page","type-page","status-publish","has-post-thumbnail","hentry"],"yoast_head":"<!-- This site is optimized with the Yoast SEO plugin v27.3 - https:\/\/yoast.com\/product\/yoast-seo-wordpress\/ -->\n<title>Mot du Maire &#8226; Mairie de Soisy-Bouy<\/title>\n<meta name=\"description\" content=\"Site internet officiel de la mairie de Soisy-Bouy.\" \/>\n<meta name=\"robots\" content=\"index, follow, max-snippet:-1, max-image-preview:large, max-video-preview:-1\" \/>\n<link rel=\"canonical\" href=\"https:\/\/www.mairie-soisybouy.fr\/index.php\/mot-du-maire\/\" \/>\n<meta property=\"og:locale\" content=\"fr_FR\" \/>\n<meta property=\"og:type\" content=\"article\" \/>\n<meta property=\"og:title\" content=\"Mot du Maire &#8226; Mairie de Soisy-Bouy\" \/>\n<meta property=\"og:description\" content=\"Site internet officiel de la mairie de Soisy-Bouy.\" \/>\n<meta property=\"og:url\" content=\"https:\/\/www.mairie-soisybouy.fr\/index.php\/mot-du-maire\/\" \/>\n<meta property=\"og:site_name\" content=\"Mairie de Soisy-Bouy\" \/>\n<meta property=\"article:modified_time\" content=\"2021-03-01T09:44:49+00:00\" \/>\n<meta property=\"og:image\" content=\"https:\/\/www.mairie-soisybouy.fr\/wp-content\/uploads\/2019\/05\/DSC00578-768x1024.jpg\" \/>\n\t<meta property=\"og:image:width\" content=\"768\" \/>\n\t<meta property=\"og:image:height\" content=\"1024\" \/>\n\t<meta property=\"og:image:type\" content=\"image\/jpeg\" \/>\n<meta name=\"twitter:card\" content=\"summary_large_image\" \/>\n<meta name=\"twitter:label1\" content=\"Dur\u00e9e de lecture estim\u00e9e\" \/>\n\t<meta name=\"twitter:data1\" content=\"1 minute\" \/>\n<script type=\"application\/ld+json\" class=\"yoast-schema-graph\">{\"@context\":\"https:\\\/\\\/schema.org\",\"@graph\":[{\"@type\":\"WebPage\",\"@id\":\"https:\\\/\\\/www.mairie-soisybouy.fr\\\/index.php\\\/mot-du-maire\\\/\",\"url\":\"https:\\\/\\\/www.mairie-soisybouy.fr\\\/index.php\\\/mot-du-maire\\\/\",\"name\":\"Mot du Maire &#8226; Mairie de Soisy-Bouy\",\"isPartOf\":{\"@id\":\"https:\\\/\\\/www.mairie-soisybouy.fr\\\/#website\"},\"primaryImageOfPage\":{\"@id\":\"https:\\\/\\\/www.mairie-soisybouy.fr\\\/index.php\\\/mot-du-maire\\\/#primaryimage\"},\"image\":{\"@id\":\"https:\\\/\\\/www.mairie-soisybouy.fr\\\/index.php\\\/mot-du-maire\\\/#primaryimage\"},\"thumbnailUrl\":\"https:\\\/\\\/www.mairie-soisybouy.fr\\\/wp-content\\\/uploads\\\/2019\\\/05\\\/DSC00578.jpg\",\"datePublished\":\"2019-05-24T14:05:27+00:00\",\"dateModified\":\"2021-03-01T09:44:49+00:00\",\"description\":\"Site internet officiel de la mairie de Soisy-Bouy.\",\"breadcrumb\":{\"@id\":\"https:\\\/\\\/www.mairie-soisybouy.fr\\\/index.php\\\/mot-du-maire\\\/#breadcrumb\"},\"inLanguage\":\"fr-FR\",\"potentialAction\":[{\"@type\":\"ReadAction\",\"target\":[\"https:\\\/\\\/www.mairie-soisybouy.fr\\\/index.php\\\/mot-du-maire\\\/\"]}]},{\"@type\":\"ImageObject\",\"inLanguage\":\"fr-FR\",\"@id\":\"https:\\\/\\\/www.mairie-soisybouy.fr\\\/index.php\\\/mot-du-maire\\\/#primaryimage\",\"url\":\"https:\\\/\\\/www.mairie-soisybouy.fr\\\/wp-content\\\/uploads\\\/2019\\\/05\\\/DSC00578.jpg\",\"contentUrl\":\"https:\\\/\\\/www.mairie-soisybouy.fr\\\/wp-content\\\/uploads\\\/2019\\\/05\\\/DSC00578.jpg\",\"width\":2448,\"height\":3264},{\"@type\":\"BreadcrumbList\",\"@id\":\"https:\\\/\\\/www.mairie-soisybouy.fr\\\/index.php\\\/mot-du-maire\\\/#breadcrumb\",\"itemListElement\":[{\"@type\":\"ListItem\",\"position\":1,\"name\":\"Accueil\",\"item\":\"https:\\\/\\\/www.mairie-soisybouy.fr\\\/\"},{\"@type\":\"ListItem\",\"position\":2,\"name\":\"Mot du Maire\"}]},{\"@type\":\"WebSite\",\"@id\":\"https:\\\/\\\/www.mairie-soisybouy.fr\\\/#website\",\"url\":\"https:\\\/\\\/www.mairie-soisybouy.fr\\\/\",\"name\":\"Mairie de Soisy-Bouy\",\"description\":\"\",\"publisher\":{\"@id\":\"https:\\\/\\\/www.mairie-soisybouy.fr\\\/#organization\"},\"potentialAction\":[{\"@type\":\"SearchAction\",\"target\":{\"@type\":\"EntryPoint\",\"urlTemplate\":\"https:\\\/\\\/www.mairie-soisybouy.fr\\\/?s={search_term_string}\"},\"query-input\":{\"@type\":\"PropertyValueSpecification\",\"valueRequired\":true,\"valueName\":\"search_term_string\"}}],\"inLanguage\":\"fr-FR\"},{\"@type\":\"Organization\",\"@id\":\"https:\\\/\\\/www.mairie-soisybouy.fr\\\/#organization\",\"name\":\"Mairie de Soisy-Bouy\",\"url\":\"https:\\\/\\\/www.mairie-soisybouy.fr\\\/\",\"logo\":{\"@type\":\"ImageObject\",\"inLanguage\":\"fr-FR\",\"@id\":\"https:\\\/\\\/www.mairie-soisybouy.fr\\\/#\\\/schema\\\/logo\\\/image\\\/\",\"url\":\"https:\\\/\\\/www.mairie-soisybouy.fr\\\/wp-content\\\/uploads\\\/2019\\\/05\\\/logomodif.png\",\"contentUrl\":\"https:\\\/\\\/www.mairie-soisybouy.fr\\\/wp-content\\\/uploads\\\/2019\\\/05\\\/logomodif.png\",\"width\":347,\"height\":392,\"caption\":\"Mairie de Soisy-Bouy\"},\"image\":{\"@id\":\"https:\\\/\\\/www.mairie-soisybouy.fr\\\/#\\\/schema\\\/logo\\\/image\\\/\"}}]}<\/script>\n<!-- \/ Yoast SEO plugin. -->","yoast_head_json":{"title":"Mot du Maire &#8226; Mairie de Soisy-Bouy","description":"Site internet officiel de la mairie de Soisy-Bouy.","robots":{"index":"index","follow":"follow","max-snippet":"max-snippet:-1","max-image-preview":"max-image-preview:large","max-video-preview":"max-video-preview:-1"},"canonical":"https:\/\/www.mairie-soisybouy.fr\/index.php\/mot-du-maire\/","og_locale":"fr_FR","og_type":"article","og_title":"Mot du Maire &#8226; Mairie de Soisy-Bouy","og_description":"Site internet officiel de la mairie de Soisy-Bouy.","og_url":"https:\/\/www.mairie-soisybouy.fr\/index.php\/mot-du-maire\/","og_site_name":"Mairie de Soisy-Bouy","article_modified_time":"2021-03-01T09:44:49+00:00","og_image":[{"width":768,"height":1024,"url":"https:\/\/www.mairie-soisybouy.fr\/wp-content\/uploads\/2019\/05\/DSC00578-768x1024.jpg","type":"image\/jpeg"}],"twitter_card":"summary_large_image","twitter_misc":{"Dur\u00e9e de lecture estim\u00e9e":"1 minute"},"schema":{"@context":"https:\/\/schema.org","@graph":[{"@type":"WebPage","@id":"https:\/\/www.mairie-soisybouy.fr\/index.php\/mot-du-maire\/","url":"https:\/\/www.mairie-soisybouy.fr\/index.php\/mot-du-maire\/","name":"Mot du Maire &#8226; Mairie de Soisy-Bouy","isPartOf":{"@id":"https:\/\/www.mairie-soisybouy.fr\/#website"},"primaryImageOfPage":{"@id":"https:\/\/www.mairie-soisybouy.fr\/index.php\/mot-du-maire\/#primaryimage"},"image":{"@id":"https:\/\/www.mairie-soisybouy.fr\/index.php\/mot-du-maire\/#primaryimage"},"thumbnailUrl":"https:\/\/www.mairie-soisybouy.fr\/wp-content\/uploads\/2019\/05\/DSC00578.jpg","datePublished":"2019-05-24T14:05:27+00:00","dateModified":"2021-03-01T09:44:49+00:00","description":"Site internet officiel de la mairie de Soisy-Bouy.","breadcrumb":{"@id":"https:\/\/www.mairie-soisybouy.fr\/index.php\/mot-du-maire\/#breadcrumb"},"inLanguage":"fr-FR","potentialAction":[{"@type":"ReadAction","target":["https:\/\/www.mairie-soisybouy.fr\/index.php\/mot-du-maire\/"]}]},{"@type":"ImageObject","inLanguage":"fr-FR","@id":"https:\/\/www.mairie-soisybouy.fr\/index.php\/mot-du-maire\/#primaryimage","url":"https:\/\/www.mairie-soisybouy.fr\/wp-content\/uploads\/2019\/05\/DSC00578.jpg","contentUrl":"https:\/\/www.mairie-soisybouy.fr\/wp-content\/uploads\/2019\/05\/DSC00578.jpg","width":2448,"height":3264},{"@type":"BreadcrumbList","@id":"https:\/\/www.mairie-soisybouy.fr\/index.php\/mot-du-maire\/#breadcrumb","itemListElement":[{"@type":"ListItem","position":1,"name":"Accueil","item":"https:\/\/www.mairie-soisybouy.fr\/"},{"@type":"ListItem","position":2,"name":"Mot du Maire"}]},{"@type":"WebSite","@id":"https:\/\/www.mairie-soisybouy.fr\/#website","url":"https:\/\/www.mairie-soisybouy.fr\/","name":"Mairie de Soisy-Bouy","description":"","publisher":{"@id":"https:\/\/www.mairie-soisybouy.fr\/#organization"},"potentialAction":[{"@type":"SearchAction","target":{"@type":"EntryPoint","urlTemplate":"https:\/\/www.mairie-soisybouy.fr\/?s={search_term_string}"},"query-input":{"@type":"PropertyValueSpecification","valueRequired":true,"valueName":"search_term_string"}}],"inLanguage":"fr-FR"},{"@type":"Organization","@id":"https:\/\/www.mairie-soisybouy.fr\/#organization","name":"Mairie de Soisy-Bouy","url":"https:\/\/www.mairie-soisybouy.fr\/","logo":{"@type":"ImageObject","inLanguage":"fr-FR","@id":"https:\/\/www.mairie-soisybouy.fr\/#\/schema\/logo\/image\/","url":"https:\/\/www.mairie-soisybouy.fr\/wp-content\/uploads\/2019\/05\/logomodif.png","contentUrl":"https:\/\/www.mairie-soisybouy.fr\/wp-content\/uploads\/2019\/05\/logomodif.png","width":347,"height":392,"caption":"Mairie de Soisy-Bouy"},"image":{"@id":"https:\/\/www.mairie-soisybouy.fr\/#\/schema\/logo\/image\/"}}]}},"_links":{"self":[{"href":"https:\/\/www.mairie-soisybouy.fr\/index.php\/wp-json\/wp\/v2\/pages\/2","targetHints":{"allow":["GET"]}}],"collection":[{"href":"https:\/\/www.mairie-soisybouy.fr\/index.php\/wp-json\/wp\/v2\/pages"}],"about":[{"href":"https:\/\/www.mairie-soisybouy.fr\/index.php\/wp-json\/wp\/v2\/types\/page"}],"author":[{"embeddable":true,"href":"https:\/\/www.mairie-soisybouy.fr\/index.php\/wp-json\/wp\/v2\/users\/1"}],"replies":[{"embeddable":true,"href":"https:\/\/www.mairie-soisybouy.fr\/index.php\/wp-json\/wp\/v2\/comments?post=2"}],"version-history":[{"count":25,"href":"https:\/\/www.mairie-soisybouy.fr\/index.php\/wp-json\/wp\/v2\/pages\/2\/revisions"}],"predecessor-version":[{"id":1729,"href":"https:\/\/www.mairie-soisybouy.fr\/index.php\/wp-json\/wp\/v2\/pages\/2\/revisions\/1729"}],"wp:featuredmedia":[{"embeddable":true,"href":"https:\/\/www.mairie-soisybouy.fr\/index.php\/wp-json\/wp\/v2\/media\/408"}],"wp:attachment":[{"href":"https:\/\/www.mairie-soisybouy.fr\/index.php\/wp-json\/wp\/v2\/media?parent=2"}],"curies":[{"name":"wp","href":"https:\/\/api.w.org\/{rel}","templated":true}]}}

<blockquote><p><img loading="lazy" decoding="async" class="alignnone wp-image-673 alignleft" src="http://www.mairie-soisybouy.fr/wp-content/uploads/2019/06/maire-298x300.png" alt="" width="166" height="167" srcset="https://www.mairie-soisybouy.fr/wp-content/uploads/2019/06/maire-298x300.png 298w, https://www.mairie-soisybouy.fr/wp-content/uploads/2019/06/maire-150x150.png 150w, https://www.mairie-soisybouy.fr/wp-content/uploads/2019/06/maire.png 329w" sizes="auto, (max-width: 166px) 100vw, 166px" /></p>
<p>L’année 2020 restera dans nos mémoires comme celle des épreuves et des défis.</p>
<p>Un virus que personne ne prenait très au sérieux est venu bouleverser nos vies : personnelles, professionnelles, scolaires et associatives.</p>
<p>C’est dans de tels moments que nous prenons conscience de la fragilité de l’existence et aussi du nécessaire lien que nous devons entretenir avec chacun de nos proches, famille, amis et voisins.</p>
<p>L’épidémie a bouleversé nos projets et nous attendons avec impatience des jours meilleurs, qui arriveront d’autant plus rapidement que nous serons respectueux des mesures sanitaires.</p>
<p>Je remercie le nouveau conseil municipal qui, malgré le retard de sa mise en place s’est efforcé de répondre aux attentes de la population lors du 1er puis du 2ème confinement.</p>
<p>Les projets de cette mandature ne manquent pas et animé du seul intérêt général, chacun des conseillers saura œuvrer pour la mise en place du programme fixé lors de la campagne.</p>
<p>Je vous souhaite une meilleure année que celle écoulée et surtout restez prudents, c’est un combat collectif que nous devons mener pour maîtriser cette épidémie, notre santé prime avant tout : la santé est forte de son maillon le plus faible… alors jouons collectif !</p>
<p>Bien à vous.</p></blockquote>

<p>L’année 2020 restera dans nos mémoires comme celle des épreuves et des défis. Un virus que personne ne prenait très au sérieux est venu bouleverser nos vies : personnelles, professionnelles, scolaires et associatives. C’est dans de tels moments que nous prenons conscience de la fragilité de l’existence et aussi du nécessaire lien que nous devons [&hellip;]</p>

<!-- This site is optimized with the Yoast SEO plugin v27.3 - https://yoast.com/product/yoast-seo-wordpress/ -->
<title>Mot du Maire &#8226; Mairie de Soisy-Bouy</title>
<meta name="description" content="Site internet officiel de la mairie de Soisy-Bouy." />
<meta name="robots" content="index, follow, max-snippet:-1, max-image-preview:large, max-video-preview:-1" />
<link rel="canonical" href="https://www.mairie-soisybouy.fr/index.php/mot-du-maire/" />
<meta property="og:locale" content="fr_FR" />
<meta property="og:type" content="article" />
<meta property="og:title" content="Mot du Maire &#8226; Mairie de Soisy-Bouy" />
<meta property="og:description" content="Site internet officiel de la mairie de Soisy-Bouy." />
<meta property="og:url" content="https://www.mairie-soisybouy.fr/index.php/mot-du-maire/" />
<meta property="og:site_name" content="Mairie de Soisy-Bouy" />
<meta property="article:modified_time" content="2021-03-01T09:44:49+00:00" />
<meta property="og:image" content="https://www.mairie-soisybouy.fr/wp-content/uploads/2019/05/DSC00578-768x1024.jpg" />
	<meta property="og:image:width" content="768" />
	<meta property="og:image:height" content="1024" />
	<meta property="og:image:type" content="image/jpeg" />
<meta name="twitter:card" content="summary_large_image" />
<meta name="twitter:label1" content="Durée de lecture estimée" />
	<meta name="twitter:data1" content="1 minute" />
<script type="application/ld+json" class="yoast-schema-graph">{"@context":"https:\/\/schema.org","@graph":[{"@type":"WebPage","@id":"https:\/\/www.mairie-soisybouy.fr\/index.php\/mot-du-maire\/","url":"https:\/\/www.mairie-soisybouy.fr\/index.php\/mot-du-maire\/","name":"Mot du Maire &#8226; Mairie de Soisy-Bouy","isPartOf":{"@id":"https:\/\/www.mairie-soisybouy.fr\/#website"},"primaryImageOfPage":{"@id":"https:\/\/www.mairie-soisybouy.fr\/index.php\/mot-du-maire\/#primaryimage"},"image":{"@id":"https:\/\/www.mairie-soisybouy.fr\/index.php\/mot-du-maire\/#primaryimage"},"thumbnailUrl":"https:\/\/www.mairie-soisybouy.fr\/wp-content\/uploads\/2019\/05\/DSC00578.jpg","datePublished":"2019-05-24T14:05:27+00:00","dateModified":"2021-03-01T09:44:49+00:00","description":"Site internet officiel de la mairie de Soisy-Bouy.","breadcrumb":{"@id":"https:\/\/www.mairie-soisybouy.fr\/index.php\/mot-du-maire\/#breadcrumb"},"inLanguage":"fr-FR","potentialAction":[{"@type":"ReadAction","target":["https:\/\/www.mairie-soisybouy.fr\/index.php\/mot-du-maire\/"]}]},{"@type":"ImageObject","inLanguage":"fr-FR","@id":"https:\/\/www.mairie-soisybouy.fr\/index.php\/mot-du-maire\/#primaryimage","url":"https:\/\/www.mairie-soisybouy.fr\/wp-content\/uploads\/2019\/05\/DSC00578.jpg","contentUrl":"https:\/\/www.mairie-soisybouy.fr\/wp-content\/uploads\/2019\/05\/DSC00578.jpg","width":2448,"height":3264},{"@type":"BreadcrumbList","@id":"https:\/\/www.mairie-soisybouy.fr\/index.php\/mot-du-maire\/#breadcrumb","itemListElement":[{"@type":"ListItem","position":1,"name":"Accueil","item":"https:\/\/www.mairie-soisybouy.fr\/"},{"@type":"ListItem","position":2,"name":"Mot du Maire"}]},{"@type":"WebSite","@id":"https:\/\/www.mairie-soisybouy.fr\/#website","url":"https:\/\/www.mairie-soisybouy.fr\/","name":"Mairie de Soisy-Bouy","description":"","publisher":{"@id":"https:\/\/www.mairie-soisybouy.fr\/#organization"},"potentialAction":[{"@type":"SearchAction","target":{"@type":"EntryPoint","urlTemplate":"https:\/\/www.mairie-soisybouy.fr\/?s={search_term_string}"},"query-input":{"@type":"PropertyValueSpecification","valueRequired":true,"valueName":"search_term_string"}}],"inLanguage":"fr-FR"},{"@type":"Organization","@id":"https:\/\/www.mairie-soisybouy.fr\/#organization","name":"Mairie de Soisy-Bouy","url":"https:\/\/www.mairie-soisybouy.fr\/","logo":{"@type":"ImageObject","inLanguage":"fr-FR","@id":"https:\/\/www.mairie-soisybouy.fr\/#\/schema\/logo\/image\/","url":"https:\/\/www.mairie-soisybouy.fr\/wp-content\/uploads\/2019\/05\/logomodif.png","contentUrl":"https:\/\/www.mairie-soisybouy.fr\/wp-content\/uploads\/2019\/05\/logomodif.png","width":347,"height":392,"caption":"Mairie de Soisy-Bouy"},"image":{"@id":"https:\/\/www.mairie-soisybouy.fr\/#\/schema\/logo\/image\/"}}]}</script>
<!-- / Yoast SEO plugin. -->
