{"id":89,"date":"2019-05-27T14:34:49","date_gmt":"2019-05-27T12:34:49","guid":{"rendered":"http:\/\/mairie-soisybouy.fr\/?page_id=89"},"modified":"2023-05-23T09:32:27","modified_gmt":"2023-05-23T07:32:27","slug":"plan-local-durbanisme","status":"publish","type":"page","link":"https:\/\/www.mairie-soisybouy.fr\/index.php\/plan-local-durbanisme\/","title":{"rendered":"Plan Local d&rsquo;Urbanisme &#8211; Urbanisme"},"content":{"rendered":"<h2 style=\"text-align: center;\"><\/h2>\n<h2><\/h2>\n<h2 style=\"text-align: center;\">Projet d&rsquo;Am\u00e9nagement et de D\u00e9veloppement (PADD)<\/h2>\n<p>R\u00e9vision du Plan Local d&rsquo;Urbanisme (PLU)<\/p>\n<p><a href=\"https:\/\/www.mairie-soisybouy.fr\/wp-content\/uploads\/2022\/07\/DE_2022_21-DEBAT-DORIENTATION-DU-PROJET-DAMENAGEMENT-ET-DE-DEVELOPPEMENT-DU-PLAN-LOCAL-DURBANISME.pdf\">DE_2022_21 &#8211; DEBAT D&rsquo;ORIENTATION DU PROJET D&rsquo;AMENAGEMENT ET DE DEVELOPPEMENT DU PLAN LOCAL D&rsquo;URBANISME<\/a><\/p>\n<p><a href=\"https:\/\/www.mairie-soisybouy.fr\/wp-content\/uploads\/2022\/07\/SOISY-BOUY-PADD-valide.pdf\">SOISY-BOUY &#8211; PADD valid\u00e9<\/a><\/p>\n<h2 style=\"text-align: center;\"><strong>Plan Local d&rsquo;Urbanisme (PLU)<\/strong><\/h2>\n<p><em>Vous pouvez acc\u00e9der au PLU directement via le site g\u00e9oportail : <a href=\"https:\/\/www.geoportail.gouv.fr\/carte\">https:\/\/www.geoportail.gouv.fr\/carte<\/a><\/em><\/p>\n<p><strong>Plan de zonage au 1\/2000e de Soisy bouy :<\/strong><\/p>\n<p><strong><span style=\"color: #7aa228;\"><a style=\"color: #7aa228;\" href=\"http:\/\/www.mairie-soisybouy.fr\/wp-content\/uploads\/2019\/06\/Soisy-Bouy_zonage_2000.pdf\">Soisy-Bouy_zonage_2000<\/a><\/span><\/strong><\/p>\n<p><strong>au 1\/5000e :<\/strong><\/p>\n<p><strong><span style=\"color: #7aa228;\"><a style=\"color: #7aa228;\" href=\"http:\/\/www.mairie-soisybouy.fr\/wp-content\/uploads\/2019\/06\/Soisy-Bouy_zonage_5000.pdf\">Soisy-Bouy_zonage_5000<\/a><\/span><\/strong><\/p>\n<p><strong>R\u00e9glement Urbanisme :<\/strong><\/p>\n<p><span style=\"color: #7aa228;\"><strong><a style=\"color: #7aa228;\" href=\"http:\/\/www.mairie-soisybouy.fr\/wp-content\/uploads\/2019\/06\/reglement_urbanisme.pdf\">reglement_urbanisme<\/a><\/strong><\/span><\/p>\n<p>&nbsp;<\/p>\n<p><strong>Modification simplifi\u00e9e 1 :<\/strong><\/p>\n<p><strong><span style=\"color: #7aa228;\"><a style=\"color: #7aa228;\" href=\"http:\/\/www.mairie-soisybouy.fr\/wp-content\/uploads\/2019\/06\/modification_simplifi\u00e9e-n\u00b01-28.04.2014.pdf\">modification_simplifi\u00e9e-n\u00b01-28.04.2014<\/a><\/span><\/strong><\/p>\n<p><strong>R\u00e8glement modifi\u00e9 1 :<\/strong><\/p>\n<p><strong><span style=\"color: #7aa228;\"><a style=\"color: #7aa228;\" href=\"http:\/\/www.mairie-soisybouy.fr\/wp-content\/uploads\/2019\/06\/reglement_modifi\u00e9-n\u00b01-28.04.2014.pdf\">reglement_modifi\u00e9-n\u00b01-28.04.2014<\/a><\/span><\/strong><\/p>\n<p>&nbsp;<\/p>\n<p><strong>Modification simplifi\u00e9e 2 :<\/strong><\/p>\n<p><strong><span style=\"color: #7aa228;\"><a style=\"color: #7aa228;\" href=\"http:\/\/www.mairie-soisybouy.fr\/wp-content\/uploads\/2019\/06\/modification_simplifi\u00e9e-n\u00b02-01.02.2019-1.pdf\">modification_simplifi\u00e9e-n\u00b02-01.02.2019<\/a><\/span><\/strong><\/p>\n<p><strong>R\u00e8glement modifi\u00e9 2 :<\/strong><\/p>\n<p><strong><span style=\"color: #7aa228;\"><a style=\"color: #7aa228;\" href=\"http:\/\/www.mairie-soisybouy.fr\/wp-content\/uploads\/2019\/06\/reglement_modifi\u00e9-n\u00b02-01.02.2019.pdf\">reglement_modifi\u00e9-n\u00b02-01.02.2019<\/a><\/span><\/strong><\/p>\n<p>&nbsp;<\/p>\n<h2 style=\"text-align: center;\"><strong>D\u00e9claration Pr\u00e9alable (DP) \/ Permis de Construire (PC)<\/strong><\/h2>\n<p>Pour vous aider, nous vous proposons ci-dessous un sch\u00e9ma didactique qui permet de savoir si votre projet est soumis \u00e0 une D\u00e9claration Pr\u00e9alable ou \u00e0 un Permis de Construire.<\/p>\n<p><img loading=\"lazy\" decoding=\"async\" class=\"aligncenter size-full wp-image-1931\" src=\"https:\/\/www.mairie-soisybouy.fr\/wp-content\/uploads\/2022\/01\/a-rattacher-au-texte-URBANISME.png\" alt=\"\" width=\"1101\" height=\"797\" srcset=\"https:\/\/www.mairie-soisybouy.fr\/wp-content\/uploads\/2022\/01\/a-rattacher-au-texte-URBANISME.png 1101w, https:\/\/www.mairie-soisybouy.fr\/wp-content\/uploads\/2022\/01\/a-rattacher-au-texte-URBANISME-300x217.png 300w, https:\/\/www.mairie-soisybouy.fr\/wp-content\/uploads\/2022\/01\/a-rattacher-au-texte-URBANISME-1024x741.png 1024w, https:\/\/www.mairie-soisybouy.fr\/wp-content\/uploads\/2022\/01\/a-rattacher-au-texte-URBANISME-768x556.png 768w\" sizes=\"auto, (max-width: 1101px) 100vw, 1101px\" \/><\/p>\n<p><u><strong>Constitution du dossier pour une D\u00e9claration Pr\u00e9alable de Travaux (DP):<\/strong><\/u><\/p>\n<p>Vous devez d\u00e9clarer votre projet au moyen de l&rsquo;un des formulaires suivants\u00a0:<\/p>\n<ul>\n<li><strong><u><a href=\"https:\/\/www.service-public.fr\/particuliers\/vosdroits\/R1995\">cerfa\u00a0n\u00b013702*06<\/a><\/u><\/strong> pour la r\u00e9alisation de lotissements et autres divisions fonci\u00e8res non soumis \u00e0 permis d&rsquo;am\u00e9nager,<\/li>\n<li><strong><u><a href=\"https:\/\/www.service-public.fr\/particuliers\/vosdroits\/R2028\">cerfa n\u00b013703*08<\/a><\/u><\/strong> pour la r\u00e9alisation de construction et travaux non soumis \u00e0 permis de construire portant sur une maison individuelle et\/ou ses annexes,<\/li>\n<li><u><a href=\"https:\/\/www.service-public.fr\/particuliers\/vosdroits\/R11646\"><strong>cerfa n\u00b013404*08<\/strong><\/a><\/u> pour la r\u00e9alisation de constructions, travaux, installations et am\u00e9nagements non soumis \u00e0 permis de construire comprenant ou non des d\u00e9molitions.<\/li>\n<\/ul>\n<p>Le formulaire doit \u00eatre compl\u00e9t\u00e9 de pi\u00e8ces demand\u00e9es sur la notice de d\u00e9claration pr\u00e9alable de travaux.<\/p>\n<p><strong>D\u00e9p\u00f4t du dossier :<\/strong><\/p>\n<p>Vous devez d\u00e9poser votre dossier en 2 exemplaires\u00a0 \u00e0 la mairie ou envoyer un exemplaire par mail \u00e0 <strong>accueil@mairie-soisybouy.fr\u00a0<\/strong><\/p>\n<p>La mairie vous d\u00e9livre alors un r\u00e9c\u00e9piss\u00e9 avec un num\u00e9ro d&rsquo;enregistrement.<\/p>\n<p><em>Le d\u00e9lai d&rsquo;instruction est d&rsquo;un mois \u00e0 partir de la date du d\u00e9p\u00f4t de la demande.<\/em><\/p>\n<p>&nbsp;<\/p>\n<p><strong><u>Constitution du dossier pour un Permis de Construire (PC):<\/u><\/strong><\/p>\n<p>Votre demande de permis de construire doit \u00eatre effectu\u00e9e au moyen de l&rsquo;un des formulaires suivants\u00a0:<\/p>\n<ul>\n<li><strong><u><a href=\"https:\/\/www.service-public.fr\/particuliers\/vosdroits\/R11637\">cerfa n\u00b013406*08<\/a><\/u><\/strong>\u00a0lorsqu&rsquo;il s&rsquo;agit d&rsquo;une maison individuelle et\/ou ses annexes,<\/li>\n<li><u><strong><a href=\"https:\/\/www.service-public.fr\/particuliers\/vosdroits\/R20835\">cerfa n\u00b013409*08<\/a><\/strong><\/u>\u00a0pour les autres constructions (logement collectif, exploitation agricole, \u00e9tablissement recevant du public&#8230;).<\/li>\n<\/ul>\n<p><strong>D\u00e9p\u00f4t du dossier :<\/strong><\/p>\n<p>Votre dossier doit \u00eatre d\u00e9pos\u00e9 en 4 exemplaires \u00e0 la mairie ou envoyer un exemplaire par mail \u00e0<strong> accueil@mairie-soisybouy.fr\u00a0<\/strong><\/p>\n<p>La mairie d\u00e9livre un r\u00e9c\u00e9piss\u00e9 comportant un num\u00e9ro d&rsquo;enregistrement.<\/p>\n<p>&nbsp;<\/p>\n<p>Le d\u00e9lai d&rsquo;instruction est g\u00e9n\u00e9ralement de :<\/p>\n<ul>\n<li>2 mois pour une maison individuelle et\/ou ses annexes,<\/li>\n<li>ou 3 mois dans les autres cas.<\/li>\n<\/ul>\n<p>&nbsp;<\/p>\n<p>Pour tout renseignement d&rsquo;urbanisme n&rsquo;h\u00e9sitez pas \u00e0 nous \u00e9crire par mail \u00e0 <strong>accueil@mairie-soisybouy.fr<\/strong><\/p>\n<p>&nbsp;<\/p>\n<p>&nbsp;<\/p>\n","protected":false},"excerpt":{"rendered":"<p>Projet d&rsquo;Am\u00e9nagement et de D\u00e9veloppement (PADD) R\u00e9vision du Plan Local d&rsquo;Urbanisme (PLU) DE_2022_21 &#8211; DEBAT D&rsquo;ORIENTATION DU PROJET D&rsquo;AMENAGEMENT ET DE DEVELOPPEMENT DU PLAN LOCAL D&rsquo;URBANISME SOISY-BOUY &#8211; PADD valid\u00e9 Plan Local d&rsquo;Urbanisme (PLU) Vous pouvez acc\u00e9der au PLU directement via le site g\u00e9oportail : https:\/\/www.geoportail.gouv.fr\/carte Plan de zonage au 1\/2000e de Soisy bouy : [&hellip;]<\/p>\n","protected":false},"author":1,"featured_media":0,"parent":0,"menu_order":0,"comment_status":"closed","ping_status":"closed","template":"","meta":{"footnotes":""},"class_list":["post-89","page","type-page","status-publish","hentry"],"yoast_head":"<!-- This site is optimized with the Yoast SEO plugin v27.3 - https:\/\/yoast.com\/product\/yoast-seo-wordpress\/ -->\n<title>Plan Local d&#039;Urbanisme - Urbanisme &#8226; Mairie de Soisy-Bouy<\/title>\n<meta name=\"description\" content=\"Site internet officiel de la mairie de Soisy-Bouy.\" \/>\n<meta name=\"robots\" content=\"index, follow, max-snippet:-1, max-image-preview:large, max-video-preview:-1\" \/>\n<link rel=\"canonical\" href=\"https:\/\/www.mairie-soisybouy.fr\/index.php\/plan-local-durbanisme\/\" \/>\n<meta property=\"og:locale\" content=\"fr_FR\" \/>\n<meta property=\"og:type\" content=\"article\" \/>\n<meta property=\"og:title\" content=\"Plan Local d&#039;Urbanisme - Urbanisme &#8226; Mairie de Soisy-Bouy\" \/>\n<meta property=\"og:description\" content=\"Site internet officiel de la mairie de Soisy-Bouy.\" \/>\n<meta property=\"og:url\" content=\"https:\/\/www.mairie-soisybouy.fr\/index.php\/plan-local-durbanisme\/\" \/>\n<meta property=\"og:site_name\" content=\"Mairie de Soisy-Bouy\" \/>\n<meta property=\"article:modified_time\" content=\"2023-05-23T07:32:27+00:00\" \/>\n<meta property=\"og:image\" content=\"https:\/\/www.mairie-soisybouy.fr\/wp-content\/uploads\/2022\/01\/a-rattacher-au-texte-URBANISME.png\" \/>\n<meta name=\"twitter:card\" content=\"summary_large_image\" \/>\n<meta name=\"twitter:label1\" content=\"Dur\u00e9e de lecture estim\u00e9e\" \/>\n\t<meta name=\"twitter:data1\" content=\"3 minutes\" \/>\n<script type=\"application\/ld+json\" class=\"yoast-schema-graph\">{\"@context\":\"https:\\\/\\\/schema.org\",\"@graph\":[{\"@type\":\"WebPage\",\"@id\":\"https:\\\/\\\/www.mairie-soisybouy.fr\\\/index.php\\\/plan-local-durbanisme\\\/\",\"url\":\"https:\\\/\\\/www.mairie-soisybouy.fr\\\/index.php\\\/plan-local-durbanisme\\\/\",\"name\":\"Plan Local d'Urbanisme - Urbanisme &#8226; Mairie de Soisy-Bouy\",\"isPartOf\":{\"@id\":\"https:\\\/\\\/www.mairie-soisybouy.fr\\\/#website\"},\"primaryImageOfPage\":{\"@id\":\"https:\\\/\\\/www.mairie-soisybouy.fr\\\/index.php\\\/plan-local-durbanisme\\\/#primaryimage\"},\"image\":{\"@id\":\"https:\\\/\\\/www.mairie-soisybouy.fr\\\/index.php\\\/plan-local-durbanisme\\\/#primaryimage\"},\"thumbnailUrl\":\"https:\\\/\\\/www.mairie-soisybouy.fr\\\/wp-content\\\/uploads\\\/2022\\\/01\\\/a-rattacher-au-texte-URBANISME.png\",\"datePublished\":\"2019-05-27T12:34:49+00:00\",\"dateModified\":\"2023-05-23T07:32:27+00:00\",\"description\":\"Site internet officiel de la mairie de Soisy-Bouy.\",\"breadcrumb\":{\"@id\":\"https:\\\/\\\/www.mairie-soisybouy.fr\\\/index.php\\\/plan-local-durbanisme\\\/#breadcrumb\"},\"inLanguage\":\"fr-FR\",\"potentialAction\":[{\"@type\":\"ReadAction\",\"target\":[\"https:\\\/\\\/www.mairie-soisybouy.fr\\\/index.php\\\/plan-local-durbanisme\\\/\"]}]},{\"@type\":\"ImageObject\",\"inLanguage\":\"fr-FR\",\"@id\":\"https:\\\/\\\/www.mairie-soisybouy.fr\\\/index.php\\\/plan-local-durbanisme\\\/#primaryimage\",\"url\":\"https:\\\/\\\/www.mairie-soisybouy.fr\\\/wp-content\\\/uploads\\\/2022\\\/01\\\/a-rattacher-au-texte-URBANISME.png\",\"contentUrl\":\"https:\\\/\\\/www.mairie-soisybouy.fr\\\/wp-content\\\/uploads\\\/2022\\\/01\\\/a-rattacher-au-texte-URBANISME.png\",\"width\":1101,\"height\":797},{\"@type\":\"BreadcrumbList\",\"@id\":\"https:\\\/\\\/www.mairie-soisybouy.fr\\\/index.php\\\/plan-local-durbanisme\\\/#breadcrumb\",\"itemListElement\":[{\"@type\":\"ListItem\",\"position\":1,\"name\":\"Accueil\",\"item\":\"https:\\\/\\\/www.mairie-soisybouy.fr\\\/\"},{\"@type\":\"ListItem\",\"position\":2,\"name\":\"Plan Local d&#8217;Urbanisme &#8211; Urbanisme\"}]},{\"@type\":\"WebSite\",\"@id\":\"https:\\\/\\\/www.mairie-soisybouy.fr\\\/#website\",\"url\":\"https:\\\/\\\/www.mairie-soisybouy.fr\\\/\",\"name\":\"Mairie de Soisy-Bouy\",\"description\":\"\",\"publisher\":{\"@id\":\"https:\\\/\\\/www.mairie-soisybouy.fr\\\/#organization\"},\"potentialAction\":[{\"@type\":\"SearchAction\",\"target\":{\"@type\":\"EntryPoint\",\"urlTemplate\":\"https:\\\/\\\/www.mairie-soisybouy.fr\\\/?s={search_term_string}\"},\"query-input\":{\"@type\":\"PropertyValueSpecification\",\"valueRequired\":true,\"valueName\":\"search_term_string\"}}],\"inLanguage\":\"fr-FR\"},{\"@type\":\"Organization\",\"@id\":\"https:\\\/\\\/www.mairie-soisybouy.fr\\\/#organization\",\"name\":\"Mairie de Soisy-Bouy\",\"url\":\"https:\\\/\\\/www.mairie-soisybouy.fr\\\/\",\"logo\":{\"@type\":\"ImageObject\",\"inLanguage\":\"fr-FR\",\"@id\":\"https:\\\/\\\/www.mairie-soisybouy.fr\\\/#\\\/schema\\\/logo\\\/image\\\/\",\"url\":\"https:\\\/\\\/www.mairie-soisybouy.fr\\\/wp-content\\\/uploads\\\/2019\\\/05\\\/logomodif.png\",\"contentUrl\":\"https:\\\/\\\/www.mairie-soisybouy.fr\\\/wp-content\\\/uploads\\\/2019\\\/05\\\/logomodif.png\",\"width\":347,\"height\":392,\"caption\":\"Mairie de Soisy-Bouy\"},\"image\":{\"@id\":\"https:\\\/\\\/www.mairie-soisybouy.fr\\\/#\\\/schema\\\/logo\\\/image\\\/\"}}]}<\/script>\n<!-- \/ Yoast SEO plugin. -->","yoast_head_json":{"title":"Plan Local d'Urbanisme - Urbanisme &#8226; Mairie de Soisy-Bouy","description":"Site internet officiel de la mairie de Soisy-Bouy.","robots":{"index":"index","follow":"follow","max-snippet":"max-snippet:-1","max-image-preview":"max-image-preview:large","max-video-preview":"max-video-preview:-1"},"canonical":"https:\/\/www.mairie-soisybouy.fr\/index.php\/plan-local-durbanisme\/","og_locale":"fr_FR","og_type":"article","og_title":"Plan Local d'Urbanisme - Urbanisme &#8226; Mairie de Soisy-Bouy","og_description":"Site internet officiel de la mairie de Soisy-Bouy.","og_url":"https:\/\/www.mairie-soisybouy.fr\/index.php\/plan-local-durbanisme\/","og_site_name":"Mairie de Soisy-Bouy","article_modified_time":"2023-05-23T07:32:27+00:00","og_image":[{"url":"https:\/\/www.mairie-soisybouy.fr\/wp-content\/uploads\/2022\/01\/a-rattacher-au-texte-URBANISME.png","type":"","width":"","height":""}],"twitter_card":"summary_large_image","twitter_misc":{"Dur\u00e9e de lecture estim\u00e9e":"3 minutes"},"schema":{"@context":"https:\/\/schema.org","@graph":[{"@type":"WebPage","@id":"https:\/\/www.mairie-soisybouy.fr\/index.php\/plan-local-durbanisme\/","url":"https:\/\/www.mairie-soisybouy.fr\/index.php\/plan-local-durbanisme\/","name":"Plan Local d'Urbanisme - Urbanisme &#8226; Mairie de Soisy-Bouy","isPartOf":{"@id":"https:\/\/www.mairie-soisybouy.fr\/#website"},"primaryImageOfPage":{"@id":"https:\/\/www.mairie-soisybouy.fr\/index.php\/plan-local-durbanisme\/#primaryimage"},"image":{"@id":"https:\/\/www.mairie-soisybouy.fr\/index.php\/plan-local-durbanisme\/#primaryimage"},"thumbnailUrl":"https:\/\/www.mairie-soisybouy.fr\/wp-content\/uploads\/2022\/01\/a-rattacher-au-texte-URBANISME.png","datePublished":"2019-05-27T12:34:49+00:00","dateModified":"2023-05-23T07:32:27+00:00","description":"Site internet officiel de la mairie de Soisy-Bouy.","breadcrumb":{"@id":"https:\/\/www.mairie-soisybouy.fr\/index.php\/plan-local-durbanisme\/#breadcrumb"},"inLanguage":"fr-FR","potentialAction":[{"@type":"ReadAction","target":["https:\/\/www.mairie-soisybouy.fr\/index.php\/plan-local-durbanisme\/"]}]},{"@type":"ImageObject","inLanguage":"fr-FR","@id":"https:\/\/www.mairie-soisybouy.fr\/index.php\/plan-local-durbanisme\/#primaryimage","url":"https:\/\/www.mairie-soisybouy.fr\/wp-content\/uploads\/2022\/01\/a-rattacher-au-texte-URBANISME.png","contentUrl":"https:\/\/www.mairie-soisybouy.fr\/wp-content\/uploads\/2022\/01\/a-rattacher-au-texte-URBANISME.png","width":1101,"height":797},{"@type":"BreadcrumbList","@id":"https:\/\/www.mairie-soisybouy.fr\/index.php\/plan-local-durbanisme\/#breadcrumb","itemListElement":[{"@type":"ListItem","position":1,"name":"Accueil","item":"https:\/\/www.mairie-soisybouy.fr\/"},{"@type":"ListItem","position":2,"name":"Plan Local d&#8217;Urbanisme &#8211; Urbanisme"}]},{"@type":"WebSite","@id":"https:\/\/www.mairie-soisybouy.fr\/#website","url":"https:\/\/www.mairie-soisybouy.fr\/","name":"Mairie de Soisy-Bouy","description":"","publisher":{"@id":"https:\/\/www.mairie-soisybouy.fr\/#organization"},"potentialAction":[{"@type":"SearchAction","target":{"@type":"EntryPoint","urlTemplate":"https:\/\/www.mairie-soisybouy.fr\/?s={search_term_string}"},"query-input":{"@type":"PropertyValueSpecification","valueRequired":true,"valueName":"search_term_string"}}],"inLanguage":"fr-FR"},{"@type":"Organization","@id":"https:\/\/www.mairie-soisybouy.fr\/#organization","name":"Mairie de Soisy-Bouy","url":"https:\/\/www.mairie-soisybouy.fr\/","logo":{"@type":"ImageObject","inLanguage":"fr-FR","@id":"https:\/\/www.mairie-soisybouy.fr\/#\/schema\/logo\/image\/","url":"https:\/\/www.mairie-soisybouy.fr\/wp-content\/uploads\/2019\/05\/logomodif.png","contentUrl":"https:\/\/www.mairie-soisybouy.fr\/wp-content\/uploads\/2019\/05\/logomodif.png","width":347,"height":392,"caption":"Mairie de Soisy-Bouy"},"image":{"@id":"https:\/\/www.mairie-soisybouy.fr\/#\/schema\/logo\/image\/"}}]}},"_links":{"self":[{"href":"https:\/\/www.mairie-soisybouy.fr\/index.php\/wp-json\/wp\/v2\/pages\/89","targetHints":{"allow":["GET"]}}],"collection":[{"href":"https:\/\/www.mairie-soisybouy.fr\/index.php\/wp-json\/wp\/v2\/pages"}],"about":[{"href":"https:\/\/www.mairie-soisybouy.fr\/index.php\/wp-json\/wp\/v2\/types\/page"}],"author":[{"embeddable":true,"href":"https:\/\/www.mairie-soisybouy.fr\/index.php\/wp-json\/wp\/v2\/users\/1"}],"replies":[{"embeddable":true,"href":"https:\/\/www.mairie-soisybouy.fr\/index.php\/wp-json\/wp\/v2\/comments?post=89"}],"version-history":[{"count":23,"href":"https:\/\/www.mairie-soisybouy.fr\/index.php\/wp-json\/wp\/v2\/pages\/89\/revisions"}],"predecessor-version":[{"id":2181,"href":"https:\/\/www.mairie-soisybouy.fr\/index.php\/wp-json\/wp\/v2\/pages\/89\/revisions\/2181"}],"wp:attachment":[{"href":"https:\/\/www.mairie-soisybouy.fr\/index.php\/wp-json\/wp\/v2\/media?parent=89"}],"curies":[{"name":"wp","href":"https:\/\/api.w.org\/{rel}","templated":true}]}}